2*v - 47 = 3*h, -2*v + h + 48 - 3 = 0. Let x = -112 + 120. Calculate the remainder when v is divided by x.
6
Let o(l) = -l**2 + 10*l + 14. Calculate the remainder when o(7) is divided by 18.
17
Suppose 0 = 2*v - 221 + 7. What is the remainder when v is divided by 27?
26
Let f(m) = 0*m + 4 + 0 - 3 + 7*m. Calculate the remainder when f(2) is divided by 4.
3
Let q(z) = z**3 - 13*z**2 - 4. Let i be q(13). Let y(m) = m**3 + 6*m**2 + 6*m + 1. Let n = 58 - 33. Calculate the remainder when n is divided by y(i).
7
What is the remainder when (-1760)/(-48) + 10/(-6) is divided by 19?
16
Suppose 0 = 6*h - 2*h - 60. Calculate the remainder when 44 is divided by h.
14
Let h = 38 + -19. What is the remainder when 32 is divided by h?
13
Let o(u) = -u**2 - 5*u - 1. Let k be o(-2). Suppose k*h + 75 = 5*a, 0*a + 2*a + 3*h = 25. What is the remainder when a is divided by 4?
2
Suppose 6*l - 9 = 3*l. What is the remainder when 5 is divided by l?
2
Let r(i) = i**2 + i + 2. Let l be r(0). Calculate the remainder when 12*(-7)/((-21)/l) is divided by (3/(1 - 0))/1.
2
Let o = 6 + -16. Let w = 27 + o. Calculate the remainder when 32 is divided by w.
15
Let g = 11 + 6. Let y(z) = z**2 - z - 9. Let t be y(0). What is the remainder when g is divided by (-6)/t + 25/3?
8
Let o = -91 + 131. Calculate the remainder when o is divided by 1 + (-26)/(2*-1).
12
Let d = 53 + -15. Suppose d = 2*f + 12. Calculate the remainder when 25 is divided by f.
12
Let f be (-34)/(-8) - 1/4. Suppose 0 = 4*u - 4 - 24. What is the remainder when (f/4)/((-2)/(-26)) is divided by u?
6
Suppose -5*a = -219 - 281. Calculate the remainder when a is divided by 13.
9
Suppose -3*a = 10*t - 9*t - 69, t = -a + 61. Suppose 5*p + 3*d - 144 = 0, -p - d + 58 = p. Calculate the remainder when t is divided by p.
27
Suppose 2*r = -3*r + 3*h + 258, -3*r + 166 = h. Let g = 15 + 3. Suppose r - g = 4*f. What is the remainder when 25 is divided by f?
7
Suppose 2*n - f - 7 = 0, -4*f = -5*n - 9*f - 5. Suppose y - n = 3. Let w(d) = -d**3 + d + 13. What is the remainder when w(0) is divided by y?
3
Let z = -1 + 5. Let j be (-83)/z*(-1 + -3). Suppose -d - j = -5*s, -5*s + 3*d + 117 - 38 = 0. What is the remainder when 50 is divided by s?
16
Let g(h) = -h**3 - 5*h**2 + 9*h - 2. Calculate the remainder when g(-7) is divided by 9.
6
Let i = 26 + -24. Suppose 2*o - i*m - 32 = 0, -6*o + 50 = -3*o - 2*m. Calculate the remainder when o is divided by 7.
4
Calculate the remainder when 17 is divided by (-11 - -1)/(-17 + 15).
2
Suppose -7*v = -122 + 17. Suppose 34 = -0*p + 4*p + 2*j, -29 = -4*p - j. What is the remainder when v is divided by p?
3
Suppose -16 = 3*r - 100. Calculate the remainder when 111 is divided by r.
27
Let v(i) = 18*i - 14. Calculate the remainder when v(5) is divided by 39.
37
What is the remainder when 83 is divided by ((-12)/1)/(-3)*(-1 + 4)?
11
Let b(w) = -43*w**3 + 5*w + 5. Calculate the remainder when b(-1) is divided by 24.
19
Let m(t) = 7*t - 4. Let u(l) = -4*l - 7. What is the remainder when u(-13) is divided by m(4)?
21
Let f be (-1)/5 - (-138)/15. Let d = 2 + f. What is the remainder when 21 is divided by d?
10
Suppose -6*j = -2*j + 3*i - 71, i + 84 = 5*j. Calculate the remainder when 65 is divided by j.
14
Suppose -m = -23 - 14. Calculate the remainder when m is divided by 20.
17
Suppose 0 = -4*a - 4*a + 424. What is the remainder when a is divided by 18?
17
Let k = 37 + -15. Let i(p) = p - 2. Let q be i(7). Suppose -389 = -q*m - 64. Calculate the remainder when m is divided by k.
21
Let z(g) = 3*g + 26. What is the remainder when z(0) is divided by 15?
11
Let y(c) = -c + 3. Let m be y(0). Suppose r - 4*b - 31 = 31, 5*r - 379 = -m*b. What is the remainder when r is divided by 19?
17
Suppose -5*u = -h + 41, -5*u - 103 = -5*h + 22. Suppose -4*d = -5*d + h. Calculate the remainder when 13 is divided by d*(0 - (-3)/9).
6
Let b be (-4 - -6)*96/3. Let f = -39 + b. Let q = -1 + 8. What is the remainder when f is divided by q?
4
Let m(o) = -8*o + 1. Let c(q) = -q**3 + 6*q**2 + 9*q - 8. Let z be 0 - (-2*4 + 1). What is the remainder when m(-2) is divided by c(z)?
5
Let t be (-10)/25 + (-12)/(-5). Suppose -t*a = 2*b - 4 - 10, b + 3*a - 5 = 0. What is the remainder when 13 is divided by b?
5
Let y(j) = j**3 - j**2 + 3*j - 4. Calculate the remainder when 66 is divided by y(3).
20
Let v(r) = -5*r - 10. Let j(g) = 4*g + 9. Let w(o) = -6*j(o) - 5*v(o). Calculate the remainder when w(7) is divided by 2.
1
Let k(p) be the third derivative of p**4/6 - 7*p**3/6 + p**2. Calculate the remainder when k(7) is divided by 11.
10
Let k(m) = 4*m**2 + m. Let f be k(-1). Suppose f*g - 6 = -0*g. What is the remainder when (3/(-9))/(g/(-102)) is divided by 6?
5
Let v = -13 - -31. Let a(w) = 20*w**2 - 3*w + 156. Let u(s) = 7*s**2 - s + 52. Let d(m) = 6*a(m) - 17*u(m). Calculate the remainder when d(0) is divided by v.
16
Let z(p) = -3*p**3 + 2*p + 3. What is the remainder when z(-2) is divided by 6?
5
Let v = 2 + 2. Let p = 30 + -27. What is the remainder when v is divided by p?
1
Suppose 4*q = a + 4*a + 77, -5*q + 4*a + 85 = 0. Calculate the remainder when q is divided by 3.
1
Let i(f) = f**3 + 3*f**2 + 2*f + 3. Let n be 2/4*-1*4. Calculate the remainder when 6 is divided by i(n).
0
Suppose -4*m + 7*h - 2*h = -64, 3*m - 4*h - 47 = 0. What is the remainder when m is divided by 8?
5
Let v(u) = u**2 - 5*u - 16. Calculate the remainder when 24 is divided by v(8).
0
Let h(s) be the second derivative of -5/12*s**4 - 2*s - 2*s**2 + 0 + 1/20*s**5 - s**3. What is the remainder when h(7) is divided by 18?
16
Let f(n) = n**3 - 12*n**2 + 15*n. Suppose 5*j + 9 = -o, 3*j = o - 5*o + 32. Calculate the remainder when f(o) is divided by 15.
14
Let k = -10 + 14. Suppose -4*w = 7*c - 3*c - 60, k*c = -w + 48. Calculate the remainder when 30 is divided by c.
8
Suppose x = 4 - 0. Calculate the remainder when 7 is divided by ((-4)/7)/(x/(-14)).
1
Let t(x) = 3*x - 1. Let v(q) = -q + 18 + 7 - 1 + 7. Calculate the remainder when v(0) is divided by t(4).
9
Calculate the remainder when (4 - -3) + -4 - -111 is divided by 13.
10
Let s(z) = -2*z - 9. Let x be s(-6). Suppose x*b = -h + 112, b - h = 39 + 5. What is the remainder when b is divided by 7?
4
Let k(o) = 5*o + 1. Let l be k(1). Let h(y) = y**2 - 6*y + 7. Let p be h(l). Let i = 13 - p. Calculate the remainder when 11 is divided by i.
5
Let m = 7 + -5. Let g be (-2)/((-15)/6 + m). Suppose 0 = -0*n + g*n + 4*l - 44, 40 = 4*n + 3*l. What is the remainder when 19 is divided by n?
5
Suppose 3*f + 3 = 54. What is the remainder when 65 is divided by f?
14
Let i = 7 + -20. Let w = 21 - i. What is the remainder when w is divided by (-1 - -13)*(1 - 0)?
10
Let b = -202 + 221. What is the remainder when 170 is divided by b?
18
Suppose 0*q - 4*q + j + 167 = 0, 2*j + 88 = 2*q. Calculate the remainder when q is divided by 14.
13
Let x(c) be the third derivative of -c**6/120 + c**5/60 + c**4/24 + c**3/6 - c**2. Let n be (-2)/1 + 0/1. Calculate the remainder when 31 is divided by x(n).
9
Suppose 0 = r - 5*r + 48. What is the remainder when 54 is divided by r?
6
Suppose 6 = 2*g, -g + 6*g = 2*k + 7. Suppose -5*b - k = -9. What is the remainder when 2 is divided by b?
0
Suppose 3*z - 4*r = 8*z - 133, 5*z - r = 123. What is the remainder when z is divided by 9?
7
Let d(l) = l**2 - 9*l - 15. Let m be d(11). What is the remainder when 9 is divided by (m/(-21))/(1/(-9))?
0
Let d = -37 + 21. Let n = 23 + d. Calculate the remainder when 11 is divided by n.
4
Suppose r + 3*s - 31 = 0, -2*r - r - 2*s + 72 = 0. What is the remainder when r is divided by 5?
2
Let b = -5 + 8. Suppose -b*i + 5*k = -89, -2*i = -2*k - 14 - 44. Calculate the remainder when i is divided by 15.
13
Suppose -3 = -g + 5*l + 12, -128 = -4*g + 3*l. What is the remainder when g is divided by 19?
16
Suppose -8*o + 10*o = 82. What is the remainder when o is divided by 14?
13
Suppose 2*b = -2*b + 3*y + 33, 2*b - 19 = y. Suppose 5*q - 3 = b. Suppose 0 = q*v + 2*v - 140. Calculate the remainder when v is divided by 15.
13
Suppose 0 = -12*v + 540 + 1608. Calculate the remainder when v is divided by 26.
23
Suppose 3*l + 2*v - 126 = 0, -2*l + v + 84 = -0*v. Suppose 0 = 2*k - 4*k + 22. What is the remainder when l is divided by k?
9
Suppose -3*g + 114 = -4*r, 0 = -2*g -